.
-72
Let t(n) = n**3 + 8*n**2 + 11*n - 6. What is t(-9)?
-186
Let b(r) = -r**3 + 9*r**2 - 26*r + 17. Calculate b(7).
-67
Let i(d) = -8*d**2 - 13*d + 258. Calculate i(5).
-7
Let i(x) = 15*x**2 - 100*x + 75. Calculate i(6).
15
Let j(i) = 239*i - 2379. Calculate j(10).
11
Let o(m) = -m**3 - 7*m**2 + 3*m + 1. Calculate o(-5).
-64
Let s(m) = -49*m - 90. Determine s(-8).
302
Let g(i) = i**3 - 35*i**2 - 79*i + 1389. Determine g(36).
-159
Let r(o) = 5276*o - 116078. Calculate r(22).
-6
Let y(x) = -6*x**2 + 2505*x - 8692. Determine y(414).
2
Let z(h) = -88*h + 622. Calculate z(7).
6
Let j(f) = 661*f - 6580. Give j(10).
30
Let j(c) = c**2 - 33*c + 129. What is j(7)?
-53
Let c(o) = 4*o - 24. Give c(5).
-4
Let z(v) = -v**3 - 10*v**2 - 39*v - 53. What is z(-4)?
7
Let u(r) = -r**3 - 3*r**2 + 24*r + 33. Determine u(4).
17
Let j(b) = b**3 + 2*b**2 - 24*b - 239. Give j(7).
34
Let r(p) = 128*p**2 - 50*p + 74. Calculate r(2).
486
Let h(s) = 51*s + 3564. What is h(-70)?
-6
Let o(j) = -1144*j - 6878. Determine o(-6).
-14
Let j(y) = 11*y**2 + 51*y + 102. Give j(-2).
44
Let z(v) = -6*v**2 - 173*v - 684. Determine z(-24).
12
Let y(d) = 12*d**2 + 91*d + 17. What is y(-8)?
57
Let d(s) = -155*s + 619. What is d(4)?
-1
Let f(z) = z**3 + 28*z**2 - 29*z - 9. Calculate f(-29).
-9
Let b(m) = 45*m + 382. What is b(-10)?
-68
Let r(m) = 492*m + 13285. Determine r(-27).
1
Let f(b) = -b**2 + 2*b + 2. Calculate f(9).
-61
Let w(b) = -2*b**3 + 12*b**2 + 33*b - 197. Give w(5).
18
Let w(q) = -13246*q - 119221. What is w(-9)?
-7
Let s(u) = -242*u**2 - 51062*u - 1. Determine s(-211).
-1
Let l(g) = g**3 + 6*g**2 + 1485*g + 10452. Give l(-7).
8
Let u(i) = 36*i - 310. Give u(8).
-22
Let q(r) = -r**2 - 70*r - 4. Determine q(-70).
-4
Let v(j) = -72*j**3 - j**2 - 19*j + 21. Calculate v(1).
-71
Let b(q) = q**3 + 11*q**2 + 13*q + 22. What is b(-8)?
110
Let v(y) = -9*y**2 - 754*y - 1295. Give v(-82).
17
Let m(p) = 2*p**2 + 82*p - 175. Give m(-43).
-3
Let k(i) = -355*i + 1474. Give k(4).
54
Let y(j) = -j**2 - 28*j - 145. Calculate y(-7).
2
Let a(i) = 336*i + 2039. Give a(-6).
23
Let v(q) = q**3 - 13*q**2 + 12*q - 17. Calculate v(10).
-197
Let d(w) = 18*w**2 + 992*w + 72. What is d(-55)?
-38
Let r(c) = 40*c + 2611. What is r(-65)?
11
Let t(z) = -398*z - 1410. Determine t(-3).
-216
Let b(h) = h**3 + 5*h**2 + 4*h + 10. Calculate b(3).
94
Let y(s) = s**3 - 9*s**2 - 169*s + 47. What is y(17)?
-514
Let m(v) = 3*v - 196. Calculate m(61).
-13
Let j(b) = 3*b**3 + 36*b**2 + 18. Calculate j(-12).
18
Let u(c) = 34*c + 406. Give u(-11).
32
Let x(h) = h**3 - 15*h**2 + 19*h - 4. Determine x(14).
66
Let l(f) = 31*f + 135. Calculate l(-6).
-51
Let x(c) = -52*c + 646. What is x(12)?
22
Let v(w) = w**2 - 66*w + 1067. Determine v(14).
339
Let t(u) = u**3 + 40*u**2 - 2*u - 63. What is t(-40)?
17
Let m(u) = -2*u**2 + 242*u - 230. Calculate m(120).
10
Let p(f) = f**2 - 16*f - 2017. Calculate p(54).
35
Let x(r) = 1227*r**3 - r**2 + 2*r + 1. Give x(-1).
-1229
Let s(u) = 188*u**3 - 2*u**2 - 2*u. Give s(-1).
-188
Let f(m) = 2*m**3 - 9*m**2 - 16*m - 5. Give f(6).
7
Let h(l) = 3*l**2 - 190*l + 119. Calculate h(64).
247
Let b(h) = -115*h - 1389. Determine b(-12).
-9
Let t(f) = -2*f**2 - 70*f - 437. Calculate t(-28).
-45
Let o(x) = -87*x - 710. Give o(-8).
-14
Let r(u) = u**2 + u - 38. What is r(-9)?
34
Let m(j) = 5*j**2 + 79*j + 49. Determine m(-15).
-11
Let i(u) = 6*u**2 - 4*u - 98. Determine i(-6).
142
Let a(y) = -y**2 - 98*y + 31077. Give a(134).
-11
Let l(p) = p**2 + 2217*p + 4436. Calculate l(-2).
6
Let h(t) = -6*t**3 - 139*t**2 - 47*t - 275. Give h(-23).
277
Let i(t) = 38*t - 1316. Give i(35).
14
Let n(q) = 393*q + 1624. What is n(-5)?
-341
Let z(n) = -42*n - 301. Determine z(-7).
-7
Let j(m) = -717*m - 16487. Calculate j(-23).
4
Let w(t) = 6*t**2 - 79*t + 215. Give w(4).
-5
Let k(v) = -v**2 - 5482*v - 82013. Calculate k(-15).
-8
Let z(x) = -11*x**3 + 330*x**2 - 6*x + 167. Give z(30).
-13
Let c(o) = -3*o**2 + 21*o + 234. Give c(-8).
-126
Let m(k) = -199*k - 16709. What is m(-84)?
7
Let k(d) = -2*d**2 + 67*d + 132. What is k(36)?
-48
Let c(b) = 6*b**3 - 23*b**2 - 13*b - 19. Determine c(4).
-55
Let o(h) = -2*h**3 + 53*h**2 - 23*h - 19. Calculate o(26).
59
Let s(a) = 2*a**2 - 52*a + 93. Give s(24).
-3
Let p(b) = 19*b**2 + 54*b + 2. Give p(-2).
-30
Let o(a) = -a**3 - 17*a**2 + 20*a - 14. What is o(-18)?
-50
Let i(q) = 2*q**2 - 16*q - 10. What is i(-9)?
296
Let m(z) = z**3 - 37*z**2 + 68*z + 45. Give m(35).
-25
Let g(f) = -4907*f + 19657. Give g(4).
29
Let m(v) = -5*v**2 - 174*v + 34. Give m(-35).
-1
Let w(y) = -y**3 - 12*y**2 - 2*y + 42. Determine w(-10).
-138
Let q(n) = -71*n**2 - 42*n + 43. Determine q(-2).
-157
Let b(i) = -2*i**2 - 30*i + 17. Calculate b(-14).
45
Let z(o) = o**3 + 25*o**2 + 31*o - 8. Calculate z(-24).
-176
Let g(b) = -131*b - 1883. What is g(-16)?
213
Let p(f) = f**3 + 133*f**2 + 5*f + 28. What is p(0)?
28
Let k(o) = -4*o**3 + 47*o**2 + 15*o - 61. Determine k(12).
-25
Let w(d) = 5744*d - 120619. Calculate w(21).
5
Let r(m) = m**3 + 25*m**2 + 12*m - 290. Determine r(-24).
-2
Let f(l) = l**3 + 11*l**2 - 17*l + 40. Determine f(-7).
355
Let s(c) = c**2 + 39*c - 929. Give s(17).
23
Let s(v) = 2*v**3 - 126*v**2 - 34*v + 2120. Calculate s(63).
-22
Let y(s) = -76*s + 292. Calculate y(4).
-12
Let w(v) = -v**2 - 20*v + 374. Calculate w(11).
33
Let b(f) = 37*f. Determine b(0).
0
Let p(q) = 5*q**3 + 2*q**2 - 43*q - 74. What is p(-2)?
-20
Let c(z) = z**3 + 26*z**2 + 56*z + 764. Determine c(-25).
-11
Let p(m) = 9*m**2 + 13*m + 12. Give p(-1).
8
Let n(h) = h**2 - 67*h + 364. What is n(63)?
112
Let l(q) = 3*q**3 + 6*q**2 - 2*q - 9. What is l(0)?
-9
Let q(v) = 4*v**2 - 18*v + 18. Determine q(3).
0
Let b(j) = -j**2 + 225*j - 1116. What is b(5)?
-16
Let q(s) = s**2 + 450*s - 37584. Calculate q(72).
0
Let f(n) = n**3 + 24*n**2 - 88*n - 374. Give f(-27).
-185
Let n(z) = -2*z**3 - 21*z**2 - 18*z - 231. What is n(-10)?
-151
Let o(l) = l**3 - 4*l**2 - 7*l - 14. Calculate o(-4).
-114
Let v(b) = 3478*b - 41745. What is v(12)?
-9
Let g(r) = -64*r + 5145. Calculate g(80).
25
Let j(z) = -2*z**2 - 215*z - 276. Give j(-109).
-603
Let w(g) = -g**2 - 2*g + 12. What is w(-4)?
4
Let i(r) = -30*r**2 + 158*r - 280. Calculate i(2).
-84
Let g(h) = h**2 + 88*h - 1639. Determine g(16).
25
Let a(j) = -12*j - 326. What is a(-36)?
106
Let d(t) = -6*t + 236. What is d(29)?
62
Let a(z) = z**3 + 34*z**2 + 189*z - 6. Give a(-7).
-6
Let m(c) = -c**3 + 28*c**2 - 77*c + 426. Calculate m(26).
-224
Let v(l) = 677*l - 37278. Determine v(55).
-43
Let j(u) = 411*u + 1231. What is j(-3)?
-2
Let d(r) = -r**2 - 38*r + 302. Give d(8).
-66
Let f(u) = -u**2 - 10*u + 40. Calculate f(5).
-35
Let y(h) = 2*h**3 - 319*h**2 + 162*h - 470. Determine y(159).
7
Let u(h) = -2211*h - 8833. Give u(-4).
11
Let b(x) = x**2 + 49*x - 462. Determine b(-41).
-790
Let y(l) = -19*l + 1198. Give y(64).
-18
Let h(w) = -2*w**2 - 39*w - 155. Calculate h(-6).
7
Let o(g) = -28*g**2 + 3301*g + 377. Calculate o(118).
23
Let m(u) = -u**2 - 127*u - 3863. Give m(-50).
-13
Let f(w) = -24*w + 91. Give f(16).
-293
Let k(s) = s**3 - 27*s**2 - 7*s + 118. Determine k(27).
-71
Let f(a) = -a**3 - 18*a**2 + 71*a + 9. Calculate f(4).
-59
Let v(z) = 6*z**2 + 7*z - 8. Give v(3).
67
Let i(n) = -n**3 + 10*n**2 + 11*n - 151. Give i(9).
29
Let t(j) = 35*j**3 + 1190*j**2 - 3*j - 109. What is t(-34)?
-7
Let i(y) = 2*y**3 - 268*y**2 - 541*y - 411. What is i(136)?
-3
Let m(v) = -v**3 + 6*v**2 - 11*v + 24. Give m(3).
18
Let a(n) = -n**2 + 24*n - 60. Calculate a(19).
35
Let b(t) = -11*t**2 + 167*t - 26. Calculate b(15).
4
Let h(o) = 381*o + 2622. What is h(-7)?
-45
Let x(o) = o**2 + 17*o - 15418. Determine x(116).
10
Let a(b) = -b**3 - 4*b**2 + 35*b + 24. Give a(-8).
0
Let i(k) = -k**2 - 63*k - 753. What is i(-43)?
107
Let n(f) = -f**3 - f**2 + 65*f - 48. Calculate n(7).
15
Let b(f) = f**3 + 218*f**2 + 1482*f + 1043. Calculate b(-211).
-12
Let d(u) = 6*u**2 - 16*u - 9. What is d(-3)?
93
Let p(n) = 3*n + 9. Calculate p(-14).
-33
Let j(a) = 3*a**2 - 76*a + 129. Calculate j(22).
-91
Let r(i) = -i**3 + i**2 + 4*i + 174. Determine r(0).
174
Let b(g) = -g**2 - 80*g + 9211. Determine b(-144).
-5
Let d(w) = -21*w**2 + 24*w - 25. Calculate d(1).
-22
Let n(a) = -2*a**3 - 61*a**2 - 434*a - 39. Calculate n(-19).
-96
Let j(